ate j(-34).
-39
Let i(c) = -7*c - 1. Give i(5).
-36
Let w(j) = 2*j**2 - 17*j - 10. Determine w(9).
-1
Let c(y) = -y**2 - 18*y + 24. What is c(-21)?
-39
Let x(g) = 67*g**2 + g + 2. Give x(-1).
68
Let s(p) = 135*p + 141. What is s(-1)?
6
Let q(g) = g**2 - 2*g - 2. Determine q(4).
6
Let h(p) = -p**2 + 25*p - 61. Calculate h(21).
23
Let w(o) = o**2 + 11*o - 10. What is w(-13)?
16
Let r(v) = -2*v**3 - 15*v**2 + 11*v + 17. Calculate r(-8).
-7
Let y(l) = -2*l**2 - 43*l - 130. Determine y(-18).
-4
Let j(b) = 35*b - 98. Determine j(3).
7
Let k(p) = p - 15. What is k(21)?
6
Let u(n) = -n**2 - 11*n + 5. Calculate u(-7).
33
Let i(c) = -c**2 - 8*c - 10. Calculate i(-7).
-3
Let v(y) = 3*y**2 - y + 6. What is v(3)?
30
Let v(t) = t**2 + 18*t + 36. Give v(-16).
4
Let a(x) = 51*x - 1. What is a(1)?
50
Let o(r) = 13*r + 1044. Calculate o(-81).
-9
Let b(l) = 4*l**2 + 6. Give b(3).
42
Let l(c) = 12*c**3 + c**2 - 1. Determine l(1).
12
Let y(h) = h**2 - 10*h - 25. Give y(-3).
14
Let u(x) = -2*x**2. What is u(2)?
-8
Let n(z) = -5*z - 290. Determine n(-58).
0
Let b(y) = -2*y + 18. Determine b(9).
0
Let b(c) = c**2 - 24*c + 26. Give b(23).
3
Let t(z) = 5*z - 20. Give t(6).
10
Let f(v) = 7*v - 5. Give f(-2).
-19
Let p(i) = i**3 + 11*i**2 - 11*i - 1. Calculate p(-12).
-13
Let o(p) = p**2 + 26*p + 147. Give o(-18).
3
Let y(r) = 22*r - 94. Calculate y(4).
-6
Let y(o) = 5*o**3 - 8*o**2 + 5*o. Determine y(3).
78
Let z(f) = -2*f - 5. Give z(-4).
3
Let u(s) = s**3 + 6*s**2 + 8*s - 6. What is u(-3)?
-3
Let u(s) = -4*s + 1. Give u(-5).
21
Let s(u) = u**2 + 14*u + 19. What is s(-10)?
-21
Let r(j) = -j**2 - 9*j - 3. What is r(-8)?
5
Let p(f) = 2*f**3 + 5*f**2 - 4*f - 5. Determine p(-2).
7
Let s(p) = p**2 + 14*p + 42. Give s(-14).
42
Let v(r) = 2*r + 4. Calculate v(-9).
-14
Let n(h) = -h**2 + 6*h - 2. Determine n(3).
7
Let s(b) = -12*b + 2. Determine s(1).
-10
Let d(l) = l**2 - 9*l + 5. Give d(2).
-9
Let b(h) = -h**3 + 16*h**2 + 6. What is b(16)?
6
Let q(g) = -g**3 + 12*g**2 + 28*g + 3. Give q(14).
3
Let x(j) = -j**2 + 13*j - 20. Determine x(11).
2
Let k(u) = -2*u - 1. Determine k(5).
-11
Let z(x) = -x**2 - 9*x - 11. Calculate z(-7).
3
Let h(m) = -6*m - 2. Calculate h(-3).
16
Let w(q) = q**3 + 10*q**2 - 11*q - 11. Calculate w(-11).
-11
Let l(f) = 2*f**2 + 6*f. Determine l(-7).
56
Let x(w) = -w**2 + 11*w - 22. Give x(10).
-12
Let f(t) = 10*t**3 - 4*t**2 + t + 1. What is f(1)?
8
Let r(i) = -3*i + 9. What is r(7)?
-12
Let l(q) = 2*q + 3. What is l(3)?
9
Let u(x) = x**3 - 42*x**2 - 2*x + 62. What is u(42)?
-22
Let x(p) = p**2 - 14*p - 7. Determine x(15).
8
Let l(t) = -2*t + 3. Calculate l(-4).
11
Let i(u) = -u**2 + 126*u - 720. Determine i(6).
0
Let g(u) = 2*u**2 + 12*u - 3. What is g(-6)?
-3
Let p(j) = j - 8. Calculate p(20).
12
Let r(l) = -l**2 + 12*l + 247. What is r(-11)?
-6
Let z(i) = -i**3 + 17*i**2 - i + 15. Determine z(17).
-2
Let f(x) = -x - 42. Determine f(6).
-48
Let a(l) = l + 2. Give a(4).
6
Let a(g) = 2*g + 19. Give a(-9).
1
Let w(p) = p**2 + 14*p + 11. Determine w(-10).
-29
Let z(o) = 23*o**3 + o**2 + 1. Give z(-1).
-21
Let o(v) = 4*v**3 - 34*v**2 - 18*v + 1. What is o(9)?
1
Let l(m) = -2*m**2 - 8*m + 3. Calculate l(-4).
3
Let u(z) = -9*z - 84. What is u(-9)?
-3
Let o(y) = 4*y - 5. Calculate o(3).
7
Let n(u) = -u**3 + 2*u**2 - 2*u - 9. Determine n(0).
-9
Let u(j) = -10*j + 617. Give u(62).
-3
Let a(x) = -9*x - 50. What is a(-2)?
-32
Let u(m) = -m**2 - 12*m - 4. Calculate u(-12).
-4
Let u(r) = -r**2 - 13*r - 13. Determine u(-6).
29
Let a(d) = -d**3 + 5*d**2 + 18*d + 34. Calculate a(-3).
52
Let q(p) = 2*p - 2. Determine q(0).
-2
Let m(f) = 2*f**2 - 13*f. Calculate m(6).
-6
Let o(l) = -l**3 + 30*l**2 - 5*l + 145. What is o(30)?
-5
Let t(x) = x**3 - 9*x**2 - 10*x + 3. Calculate t(10).
3
Let p(l) = 4*l - 14. Give p(11).
30
Let f(s) = 2*s**2 + 10*s + 21. What is f(-6)?
33
Let b(p) = -p**3 - p**2 - 3*p + 2. Determine b(0).
2
Let b(u) = -4*u - 3. Determine b(4).
-19
Let z(k) = 19*k - 21. Determine z(10).
169
Let f(u) = 3*u - 22. What is f(12)?
14
Let u(n) = -n**2 - 25*n + 1. Determine u(0).
1
Let q(r) = -r**3 + 5*r**2 + 6*r - 2. Calculate q(5).
28
Let h(b) = b**3 - 10*b**2 - 3*b + 7. Determine h(10).
-23
Let m(t) = t**2 - 10*t + 11. What is m(6)?
-13
Let t(y) = -y**2 - 10*y + 38. Calculate t(-11).
27
Let i(j) = j**2 - 13*j + 9. Determine i(10).
-21
Let g(v) = v**2 - 15*v - 51. Calculate g(-4).
25
Let q(f) = 2*f + 24. Calculate q(7).
38
Let z(f) = 2*f**2 + 77*f - 299. Determine z(-42).
-5
Let x(z) = -6*z. What is x(-8)?
48
Let f(u) = u - 1. Give f(12).
11
Let n(o) = 2*o**2 - 41*o - 118. Determine n(23).
-3
Let s(u) = u**3 + 8*u**2 + 11*u + 9. Calculate s(-7).
-19
Let t(w) = -26*w + 140. Calculate t(6).
-16
Let m(g) = 7*g**3 - g**2 + 3*g + 5. What is m(-2)?
-61
Let a(c) = -5*c + 3. Give a(-2).
13
Let u(v) = -5*v**2 + v + 1. Give u(-1).
-5
Let d(s) = s**2 + 9*s + 4. Calculate d(-7).
-10
Let f(k) = -3*k**2 + 16*k + 38. What is f(-2)?
-6
Let a(r) = -r**3 - 26*r**2 - 27*r - 9. What is a(-25)?
41
Let t(r) = -r**2 + 33*r - 85. What is t(30)?
5
Let g(s) = s**2 - 6*s - 29. Give g(8).
-13
Let l(k) = -k**3 + 2*k**2 - 6. Calculate l(2).
-6
Let n(r) = r**3 + 8*r**2 + 15*r + 14. Calculate n(-5).
14
Let f(s) = -s**2 - 17*s + 4. Give f(-15).
34
Let j(w) = w**2 + 5*w + 12. Determine j(-6).
18
Let i(c) = c**2 - 14*c + 50. Calculate i(16).
82
Let n(x) = x**2 - 11*x - 12. Calculate n(11).
-12
Let k(p) = -7*p**2 + p + 2. Give k(-1).
-6
Let j(r) = 19*r - 304. Determine j(16).
0
Let b(l) = -3*l**2 - 8. Give b(0).
-8
Let j(o) = -o**3 + 16*o**2 + 18*o - 10. Determine j(17).
7
Let d(h) = 3*h**2 - 9*h + 17. Give d(6).
71
Let c(v) = -9*v + 4. Calculate c(-5).
49
Let i(j) = -j**2 - j + 4. Calculate i(-8).
-52
Let k(x) = x**3 - 7*x**2 + x - 10. Give k(7).
-3
Let d(o) = 8*o - 3. Calculate d(1).
5
Let t(i) = i**3 + 7*i**2 + 2*i - 19. Calculate t(-6).
5
Let c(k) = k**2 - 2. Determine c(0).
-2
Let g(i) = -5*i - 5. Give g(-3).
10
Let g(b) = b**3 - 13*b - 20. Calculate g(-7).
-272
Let j(q) = q**3 + 9*q**2 + 13*q + 4. Give j(-2).
6
Let p(i) = -3*i**2 + 7. What is p(2)?
-5
Let z(r) = -r**2 + 2*r - 3. Calculate z(6).
-27
Let s(f) = f**2 - 11*f - 4. Determine s(9).
-22
Let r(g) = g**3 - 5. Give r(0).
-5
Let h(b) = -6*b - 50. Calculate h(-10).
10
Let u(t) = -t**2 - 3*t - 4. Calculate u(-3).
-4
Let j(p) = p**3 + 22*p**2 + 18*p - 44. Determine j(-21).
19
Let z(v) = v**3 - 5*v**2 - 5*v + 48. Give z(5).
23
Let b(n) = -6*n + 54. Calculate b(8).
6
Let g(v) = -2*v**2 + 9*v - 6. Calculate g(4).
-2
Let r(l) = l**3 - 8*l**2 - 11*l + 18. Determine r(9).
0
Let u(w) = w**2 - 5*w - 27. Determine u(4).
-31
Let d(c) = -100*c + 403. Determine d(4).
3
Let m(g) = -5*g - 31. Give m(-9).
14
Let a(g) = g**2 - 16*g + 9. Give a(13).
-30
Let i(n) = -n**3 + 4*n**2 + 14*n - 7. Calculate i(6).
5
Let f(q) = q**3 - q**2 + q + 1. Determine f(2).
7
Let k(g) = 3*g**3 + 3*g**2 + 3*g + 3. Give k(-2).
-15
Let u(t) = -t**3 + 44*t**2 - 44*t + 10. Determine u(43).
-33
Let a(i) = -i**2 + 26*i - 98. Calculate a(6).
22
Let f(n) = n**2 + n - 49. What is f(-7)?
-7
Let m(h) = -h**2 + 10*h + 74. Give m(-4).
18
Let d(a) = -a**3 + 17*a**2 + 41*a - 57. What is d(19)?
0
Let z(p) = p**3 + 6*p**2 + 3*p - 3. Give z(-6).
-21
Let g(i) = 108*i**3 + 2*i**2 + 2*i + 1. Give g(-1).
-107
Let w(t) = -t**3 - 14*t**2 - 13*t - 11. Give w(-13).
-11
Let d(o) = o**3 + 2*o**2. What is d(-2)?
0
Let k(a) = a**2 - 3*a - 7. Calculate k(5).
3
Let i(r) = 4*r**2 + 57*r + 20. Determine i(-14).
6
Let i(a) = -5*a**2 + 9*a - 6. What is i(7)?
-188
Let i(o) = -o**3 + 7*o**2 + 7*o + 16. Give i(8).
8
Let h(y) = -y**2 - 25*y + 26. What is h(-26)?
0
Let i(o) = 3*o - 19. Calculate i(4).
-7
Let x(z) = z**2 + 8*z - 14. What is x(-12)?
34
Let a(r) = -r**2 - 6*r - 8. Calculate a(-4).
0
Let c(p) = p**2 - 5*p - 1. Give c(5).
-1
Let l(o) = 3*o**2 + 13. Give l(4).
61
Let h(w) = -4*w**2 + 1. Determine h(-1).
-3
Let p(j) = j**2 + j - 6. What is p(0)?
-6
Let p(r) = -32*r - 6. Give p(2).
-70
Let f(p) = p**3 - p**2 - 2*p. Determine f(0).
0
Let n(w) = -w**2 - 11*w + 35. What is n(-16)?
-45
Let p(g) = -g**3 + 6*g**2 - g - 12. Give p(5).
8
Let k(q) = 7*q**3 + 2*q**2 + 8*q + 7. Determine k(-1).
-6
Let s(b) = b**2 + b - 31. What is s(5)?
-1
Let z(p) = -p**3 + 10*p**2 - 9*p + 6. Determine z(9).
6
Let z(m) = m**2 - 16*m